{"id":671,"date":"2016-08-06T03:53:33","date_gmt":"2016-08-06T03:53:33","guid":{"rendered":"https:\/\/ahmad.works\/daynight\/?page_id=671"},"modified":"2023-06-05T16:05:04","modified_gmt":"2023-06-05T14:05:04","slug":"about-us","status":"publish","type":"page","link":"https:\/\/kurdi.kahiwar.com\/?page_id=671","title":{"rendered":"About Us"},"content":{"rendered":"<h3>EM K\u00ceNE<\/h3>\n<p>Giropek ku bawer\u00ee bi p\u00eakvejiyana gel \u00fb \u00e7and\u00ean her\u00eam\u00ea heye \u00fb ji hev nay\u00ean cudakirin \u00fb ji ber v\u00ea yek\u00ea li ser diyalog\u00ea kar dike ku pir\u00ean t\u00eakiliyan \u00fb hevtemamkirin\u00ea ava bikin, ji bo avakirina civake demokrat\u00eek a azad a ku bi biratiya gelan li ser bingeha jiyana hevbe\u015f bawer dike.<\/p>\n<h3><\/h3>\n<h3><\/h3>\n<h3><\/h3>\n<h3><\/h3>\n","protected":false},"excerpt":{"rendered":"<p>EM K\u00ceNE Giropek ku bawer\u00ee bi p\u00eakvejiyana gel \u00fb \u00e7and\u00ean her\u00eam\u00ea heye \u00fb ji hev nay\u00ean cudakirin \u00fb ji ber v\u00ea yek\u00ea li ser diyalog\u00ea kar dike ku pir\u00ean t\u00eakiliyan \u00fb hevtemamkirin\u00ea ava bikin, ji bo avakirina civake demokrat\u00eek a azad a ku bi biratiya gelan li ser bingeha jiyana hevbe\u015f bawer dike.<\/p>\n","protected":false},"author":1,"featured_media":0,"parent":0,"menu_order":0,"comment_status":"closed","ping_status":"closed","template":"","meta":{"footnotes":""},"class_list":["post-671","page","type-page","status-publish","hentry"],"yoast_head":"<!-- This site is optimized with the Yoast SEO plugin v20.8 - https:\/\/yoast.com\/wordpress\/plugins\/seo\/ -->\n<title>About Us - Kahiwar Kurd\u00ee |<\/title>\n<meta name=\"robots\" content=\"noindex, follow, max-snippet:-1, max-image-preview:large, max-video-preview:-1\" \/>\n<meta property=\"og:locale\" content=\"en_US\" \/>\n<meta property=\"og:type\" content=\"article\" \/>\n<meta property=\"og:title\" content=\"About Us - Kahiwar Kurd\u00ee |\" \/>\n<meta property=\"og:description\" content=\"EM K\u00ceNE Giropek ku bawer\u00ee bi p\u00eakvejiyana gel \u00fb \u00e7and\u00ean her\u00eam\u00ea heye \u00fb ji hev nay\u00ean cudakirin \u00fb ji ber v\u00ea yek\u00ea li ser diyalog\u00ea kar dike ku pir\u00ean t\u00eakiliyan \u00fb hevtemamkirin\u00ea ava bikin, ji bo avakirina civake demokrat\u00eek a azad a ku bi biratiya gelan li ser bingeha jiyana hevbe\u015f bawer dike.\" \/>\n<meta property=\"og:url\" content=\"https:\/\/kurdi.kahiwar.com\/?page_id=671\" \/>\n<meta property=\"og:site_name\" content=\"Kahiwar Kurd\u00ee |\" \/>\n<meta property=\"article:modified_time\" content=\"2023-06-05T14:05:04+00:00\" \/>\n<meta name=\"twitter:card\" content=\"summary_large_image\" \/>\n<meta name=\"twitter:label1\" content=\"Est. reading time\" \/>\n\t<meta name=\"twitter:data1\" content=\"1 minute\" \/>\n<script type=\"application\/ld+json\" class=\"yoast-schema-graph\">{\"@context\":\"https:\/\/schema.org\",\"@graph\":[{\"@type\":\"WebPage\",\"@id\":\"https:\/\/kurdi.kahiwar.com\/?page_id=671\",\"url\":\"https:\/\/kurdi.kahiwar.com\/?page_id=671\",\"name\":\"About Us - Kahiwar Kurd\u00ee |\",\"isPartOf\":{\"@id\":\"https:\/\/kurdi.kahiwar.com\/#website\"},\"datePublished\":\"2016-08-06T03:53:33+00:00\",\"dateModified\":\"2023-06-05T14:05:04+00:00\",\"breadcrumb\":{\"@id\":\"https:\/\/kurdi.kahiwar.com\/?page_id=671#breadcrumb\"},\"inLanguage\":\"en-US\",\"potentialAction\":[{\"@type\":\"ReadAction\",\"target\":[\"https:\/\/kurdi.kahiwar.com\/?page_id=671\"]}]},{\"@type\":\"BreadcrumbList\",\"@id\":\"https:\/\/kurdi.kahiwar.com\/?page_id=671#breadcrumb\",\"itemListElement\":[{\"@type\":\"ListItem\",\"position\":1,\"name\":\"Home\",\"item\":\"https:\/\/kurdi.kahiwar.com\/\"},{\"@type\":\"ListItem\",\"position\":2,\"name\":\"About Us\"}]},{\"@type\":\"WebSite\",\"@id\":\"https:\/\/kurdi.kahiwar.com\/#website\",\"url\":\"https:\/\/kurdi.kahiwar.com\/\",\"name\":\"Kahiwar Kurd\u00ee |\",\"description\":\"Malpera Ferm\u00ee\",\"potentialAction\":[{\"@type\":\"SearchAction\",\"target\":{\"@type\":\"EntryPoint\",\"urlTemplate\":\"https:\/\/kurdi.kahiwar.com\/?s={search_term_string}\"},\"query-input\":\"required name=search_term_string\"}],\"inLanguage\":\"en-US\"}]}<\/script>\n<!-- \/ Yoast SEO plugin. -->","yoast_head_json":{"title":"About Us - Kahiwar Kurd\u00ee |","robots":{"index":"noindex","follow":"follow","max-snippet":"max-snippet:-1","max-image-preview":"max-image-preview:large","max-video-preview":"max-video-preview:-1"},"og_locale":"en_US","og_type":"article","og_title":"About Us - Kahiwar Kurd\u00ee |","og_description":"EM K\u00ceNE Giropek ku bawer\u00ee bi p\u00eakvejiyana gel \u00fb \u00e7and\u00ean her\u00eam\u00ea heye \u00fb ji hev nay\u00ean cudakirin \u00fb ji ber v\u00ea yek\u00ea li ser diyalog\u00ea kar dike ku pir\u00ean t\u00eakiliyan \u00fb hevtemamkirin\u00ea ava bikin, ji bo avakirina civake demokrat\u00eek a azad a ku bi biratiya gelan li ser bingeha jiyana hevbe\u015f bawer dike.","og_url":"https:\/\/kurdi.kahiwar.com\/?page_id=671","og_site_name":"Kahiwar Kurd\u00ee |","article_modified_time":"2023-06-05T14:05:04+00:00","twitter_card":"summary_large_image","twitter_misc":{"Est. reading time":"1 minute"},"schema":{"@context":"https:\/\/schema.org","@graph":[{"@type":"WebPage","@id":"https:\/\/kurdi.kahiwar.com\/?page_id=671","url":"https:\/\/kurdi.kahiwar.com\/?page_id=671","name":"About Us - Kahiwar Kurd\u00ee |","isPartOf":{"@id":"https:\/\/kurdi.kahiwar.com\/#website"},"datePublished":"2016-08-06T03:53:33+00:00","dateModified":"2023-06-05T14:05:04+00:00","breadcrumb":{"@id":"https:\/\/kurdi.kahiwar.com\/?page_id=671#breadcrumb"},"inLanguage":"en-US","potentialAction":[{"@type":"ReadAction","target":["https:\/\/kurdi.kahiwar.com\/?page_id=671"]}]},{"@type":"BreadcrumbList","@id":"https:\/\/kurdi.kahiwar.com\/?page_id=671#breadcrumb","itemListElement":[{"@type":"ListItem","position":1,"name":"Home","item":"https:\/\/kurdi.kahiwar.com\/"},{"@type":"ListItem","position":2,"name":"About Us"}]},{"@type":"WebSite","@id":"https:\/\/kurdi.kahiwar.com\/#website","url":"https:\/\/kurdi.kahiwar.com\/","name":"Kahiwar Kurd\u00ee |","description":"Malpera Ferm\u00ee","potentialAction":[{"@type":"SearchAction","target":{"@type":"EntryPoint","urlTemplate":"https:\/\/kurdi.kahiwar.com\/?s={search_term_string}"},"query-input":"required name=search_term_string"}],"inLanguage":"en-US"}]}},"amp_enabled":true,"_links":{"self":[{"href":"https:\/\/kurdi.kahiwar.com\/index.php?rest_route=\/wp\/v2\/pages\/671","targetHints":{"allow":["GET"]}}],"collection":[{"href":"https:\/\/kurdi.kahiwar.com\/index.php?rest_route=\/wp\/v2\/pages"}],"about":[{"href":"https:\/\/kurdi.kahiwar.com\/index.php?rest_route=\/wp\/v2\/types\/page"}],"author":[{"embeddable":true,"href":"https:\/\/kurdi.kahiwar.com\/index.php?rest_route=\/wp\/v2\/users\/1"}],"replies":[{"embeddable":true,"href":"https:\/\/kurdi.kahiwar.com\/index.php?rest_route=%2Fwp%2Fv2%2Fcomments&post=671"}],"version-history":[{"count":1,"href":"https:\/\/kurdi.kahiwar.com\/index.php?rest_route=\/wp\/v2\/pages\/671\/revisions"}],"predecessor-version":[{"id":786,"href":"https:\/\/kurdi.kahiwar.com\/index.php?rest_route=\/wp\/v2\/pages\/671\/revisions\/786"}],"wp:attachment":[{"href":"https:\/\/kurdi.kahiwar.com\/index.php?rest_route=%2Fwp%2Fv2%2Fmedia&parent=671"}],"curies":[{"name":"wp","href":"https:\/\/api.w.org\/{rel}","templated":true}]}}